 of 97454647?
5
What is the hundreds digit of 9248278?
2
What is the millions digit of 75602839?
5
What is the hundred thousands digit of 2197808583?
8
What is the ten millions digit of 3517451625?
1
What is the units digit of 195186512?
2
What is the hundreds digit of 3298270037?
0
What is the thousands digit of 187333441?
3
What is the millions digit of 5484852848?
4
What is the units digit of 50918280?
0
What is the hundreds digit of 58989436?
4
What is the millions digit of 15940994?
5
What is the tens digit of 1742986196?
9
What is the units digit of 244966357?
7
What is the ten millions digit of 48275856?
4
What is the tens digit of 35030497?
9
What is the tens digit of 119722062?
6
What is the thousands digit of 5931418347?
8
What is the tens digit of 1036295104?
0
What is the hundred thousands digit of 58845030?
8
What is the billions digit of 4443191118?
4
What is the ten thousands digit of 38638427?
3
What is the tens digit of 522304318?
1
What is the units digit of 48164634?
4
What is the tens digit of 66936413?
1
What is the units digit of 469196870?
0
What is the units digit of 919396093?
3
What is the hundred thousands digit of 981969341?
9
What is the thousands digit of 862637822?
7
What is the billions digit of 1498851498?
1
What is the tens digit of 318690284?
8
What is the tens digit of 385087169?
6
What is the ten thousands digit of 593243244?
4
What is the millions digit of 401532130?
1
What is the ten thousands digit of 6025224922?
2
What is the tens digit of 2116371?
7
What is the ten millions digit of 2532485149?
3
What is the hundred millions digit of 571197703?
5
What is the hundred millions digit of 2169287019?
1
What is the hundred millions digit of 398945925?
3
What is the ten millions digit of 225227520?
2
What is the thousands digit of 842180528?
0
What is the hundreds digit of 1082880790?
7
What is the hundreds digit of 402603856?
8
What is the millions digit of 190997400?
0
What is the hundred millions digit of 6047828963?
0
What is the units digit of 308425646?
6
What is the hundreds digit of 157594094?
0
What is the ten millions digit of 1885798032?
8
What is the ten millions digit of 87338640?
8
What is the thousands digit of 4886784600?
4
What is the hundred thousands digit of 253582994?
5
What is the hundred thousands digit of 46875957?
8
What is the units digit of 530763767?
7
What is the ten millions digit of 2830046493?
3
What is the hundred millions digit of 438562796?
4
What is the ten millions digit of 715970453?
1
What is the tens digit of 2132107?
0
What is the ten millions digit of 53736425?
5
What is the hundreds digit of 364210545?
5
What is the ten thousands digit of 526223213?
2
What is the hundreds digit of 705530846?
8
What is the tens digit of 1072921917?
1
What is the tens digit of 515637766?
6
What is the millions digit of 752243533?
2
What is the hundreds digit of 31516432?
4
What is the thousands digit of 458277143?
7
What is the ten thousands digit of 25271306?
7
What is the millions digit of 917008294?
7
What is the ten thousands digit of 779172670?
7
What is the millions digit of 29505812?
9
What is the ten thousands digit of 67080487?
8
What is the tens digit of 75273891?
9
What is the millions digit of 187516726?
7
What is the billions digit of 1297294925?
1
What is the units digit of 54173780?
0
What is the units digit of 274307521?
1
What is the thousands digit of 1960729438?
9
What is the hundred thousands digit of 128277677?
2
What is the units digit of 439350668?
8
What is the hundreds digit of 152889819?
8
What is the hundreds digit of 9445787?
7
What is the hundreds digit of 44481988?
9
What is the hundreds digit of 154777823?
8
What is the tens digit of 2499516868?
6
What is the millions digit of 3121068374?
1
What is the hundred thousands digit of 181323089?
3
What is the hundred millions digit of 1962227558?
9
What is the hundreds digit of 167529365?
3
What is the hundred millions digit of 557423480?
5
What is the thousands digit of 1080987334?
7
What is the ten thousands digit of 2275880989?
8
What is the hundred millions digit of 2350702240?
3
What is the units digit of 13443953?
3
What is the thousands digit of 22543248?
3
What is the hundred thousands digit of 532570407?
5
What is the hundred millions digit of 1242522409?
2
What is the ten thousands digit of 444456590?
5
What is the tens digit of 207118020?
2
What is the hundred thousands digit of 721225394?
2
What is the ten thousands digit of 1231063787?
6
What is the hundred thousands digit of 345982981?
9
What is the tens digit of 693870014?
1
What is the hundred millions digit of 1968402434?
9
What is the tens digit of 2339130271?
7
What is the units digit of 84126315?
5
What is the thousands digit of 1562190830?
0
What is the hundreds digit of 378149035?
0
What is the hundred thousands digit of 3006749007?
7
What is the units digit of 1785076784?
4
What is the hundreds digit of 63905174?
1
What is the hundred thousands digit of 120648550?
6
What is the ten millions digit of 192322935?
9
What is the hundreds digit of 1499311803?
8
What is the hundred thousands digit of 1609251985?
2
What is the hundred millions digit of 5999345102?
9
What is the tens digit of 1064951538?
3
What is the hundreds digit of 78002321?
3
What is the hundreds digit of 20685560?
5
What is the hundreds digit of 4839201925?
9
What is the hundred millions digit of 5650495538?
6
What is the ten millions digit of 73227315?
7
What is the hundred thousands digit of 92651053?
6
What is the ten millions digit of 410288412?
1
What is the hundred thousands digit of 79835643?
8
What is the ten millions digit of 897336736?
9
What is the millions digit of 1761487903?
1
What is the ten thousands digit of 139388963?
8
What is the hundred thousands digit of 1129684200?
6
What is the hundred thousands digit of 67760576?
7
What is the ten thousands digit of 8049370?
4
What is the hundred millions digit of 1033263586?
0
What is the units digit of 291685012?
2
What is the millions digit of 760012490?
0
What is the millions digit of 61003137?
1
What is the hundreds digit of 363677111?
1
What is the tens digit of 99803247?
4
What is the millions digit of 1237646124?
7
What is the hundred millions digit of 173705245?
1
What is the tens digit of 460750876?
7
What is the hundred thousands digit of 156144454?
1
What is the units digit of 79850325?
5
What is the units digit of 2579542382?
2
What is the units digit of 5908188?
8
What is the ten millions digit of 219678428?
1
What is the units digit of 962562950?
0
What is the hundred thousands digit of 3900542661?
5
What is the hundred millions digit of 133716340?
1
What is the ten millions digit of 26415093?
2
What is the ten millions digit of 219757562?
1
What is the hundred millions digit of 5293004181?
2
What is the tens digit of 195150034?
3
What is the thousands digit of 3585209769?
9
What is the ten millions digit of 4433765387?
3
What is the thousands digit of 1843791675?
1
What is the tens digit of 1628759?
5
What is the thousands digit of 186492641?
2
What is the hundreds digit of 12078724?
7
What is the ten millions digit of 1247953908?
4
What is the ten millions digit of 2554743760?
5
What is the units digit of 28424360?
0
What is the ten millions digit of 53136719?
5
What is the ten millions digit of 34818915?
3
What is the units digit of 125238356?
6
What is the units digit of 7222111587?
7
What is the tens digit of 402909988?
8
What is the hundred thousands digit of 447764188?
7
What is the millions digit of 2169030894?
9
What is the units digit of 17700481?
1
What is the hundred thousands digit of 314447634?
4
What is the hundred thousands digit of 94189918?
1
What is the hundred thousands digit of 1073705383?
7
What is the thousands digit of 764753893?
3
What is the thousands digit of 50643618?
3
What is the thousands digit of 2359142291?
2
What is the hundred thousands digit of 137757827?
7
What is the ten millions digit of 5705723072?
0
What is the tens digit of 1032173741?
4
What is the units digit of 25937140?
0
What is the hundred millions digit of 1031304767?
0
What is the hundred thousands digit of 39287184?
2
What is the hundred millions digit of 1009549736?
0
What is the hundred thousand